 i be n(9). Let b = i - -288. What is the units digit of b?
6
Let h(v) = -721*v**3 - 4*v**2 - 3*v. Let q be h(-1). Suppose i - 414 = z, -5*i = 3*z - 1342 - q. What is the tens digit of i?
1
Suppose -p + 3165 = -4*x, -5*x = -5*p + 1841 + 2134. Let d = 1538 + x. What is the tens digit of d?
4
Suppose -t = -2*u - 3785 - 4193, u = -t + 7993. What is the tens digit of t?
8
Let z = 40112 + -20744. What is the units digit of z?
8
Let b(u) = u**3 - 42*u**2 + 39*u + 1244. What is the ten thousands digit of b(49)?
1
Suppose 3*j - 4394 + 1734 = 5*x, 5*j - 3*x - 4444 = 0. Suppose -2*m + d = m - 667, -d = -4*m + j. What is the hundreds digit of m?
2
Let w be (-47)/(-1)*(0 - 2). Let r = w - -90. What is the tens digit of (4 + r/8*206)/(-1)?
9
Let h = -203 + 272. Let g = 41 + h. What is the tens digit of g?
1
Suppose -4*h = 12, -5*h = 604*c - 601*c - 45888. What is the hundreds digit of c?
3
Suppose 0 = -8*a + c + 258763, -5*a + 61217 + 100488 = -5*c. What is the tens digit of a?
4
Let h = -16837 + 29354. What is the hundreds digit of h?
5
What is the thousands digit of (-36)/396 + (-144057)/(-11)?
3
Let v = -1 + -1. Let t be (-2)/(-7) - (20/14)/v. What is the tens digit of (0 - 1*-21*2)/t?
4
Suppose 0 = -4*h + 9*h - 40. What is the units digit of (5 + -3)*1/(h/1940)?
5
Let p be 54/(-5) + (-15)/75. Let s(a) be the second derivative of -7*a**3/3 - 11*a**2 - 33*a. What is the tens digit of s(p)?
3
Let d be (-4)/10 + 1836/540. Let r = 15 - 10. Suppose -d*j = -r*j + 138. What is the units digit of j?
9
Suppose -1085692 = -208*x + 449650 + 565042. What is the tens digit of x?
9
Let t(b) = b**2 - 31*b - 27. Let u be t(32). Suppose -2*z = u*c - 2335, -2*z = -4*c - 0*c + 1886. What is the units digit of c?
9
Let p = 1473 + 3047. What is the units digit of p?
0
Let w(s) = 15*s - 28. Let q = -38 + 42. Let r be (-16)/(q/(-1)) - -3. What is the tens digit of w(r)?
7
Let c(w) = -w**2 + 2*w + 1. Let b be c(1). Suppose -k + 324 = -3*s, -b*k + 747 = 5*s + 143. What is the units digit of k?
2
Suppose -172*w + 4*w + 2227512 = 0. What is the hundreds digit of w?
2
What is the ten thousands digit of (8/(-20))/((-1)/103030) - (43 + -50)?
4
Let b = 5665 + -2383. What is the tens digit of b?
8
Suppose -2*k + 14896 + 5347 = 3*r, -r + 4*k = -6785. What is the tens digit of r?
5
Let b be (-1 + -2513)*((-6)/12 - 0). Suppose 4*v = -201 + b. What is the tens digit of v?
6
Let n = 20 + -35. Let o(t) = 3*t + 48. Let a be o(n). Suppose -2*u = 3*v + 2*u - 62, a*v - 4*u - 94 = 0. What is the units digit of v?
6
Let d = 8230 - -8094. What is the units digit of d?
4
Suppose -203*v + 27852 = -192*v. What is the units digit of v?
2
Let g(m) = -4*m**3 - 14*m**2 - m - 206. What is the tens digit of g(-17)?
1
Let d(j) = 38*j - 62. Let n be d(-8). What is the tens digit of ((-5)/((-40)/n))/(24/(-320))?
1
Let k be 0 + -4 + 0 + 50. Suppose -10 = 48*a - k*a. Let i(o) = -o**3 - 2*o**2 - 4*o - 3. What is the tens digit of i(a)?
9
Let n = 214 - 205. What is the units digit of 3/n*(8 + 1) + 298?
1
Suppose 3*w + 12 = 0, 0 = -b + 3*w + 2 + 4. What is the tens digit of 6056/12*b/(-4)?
5
Let o be (-4)/(-1)*3*18/54. What is the units digit of 437 + (o + 1 - -2)?
4
Let j = -355 + 417. Suppose 66*x = j*x + 2788. What is the tens digit of x?
9
Suppose y - 4*k - 1147 = 0, -8*y + 3*y - 5*k = -5610. What is the tens digit of y?
2
Let u be (141/(-6) + 0/(-1))*-50. Suppose -3*x = -u - 208. What is the hundreds digit of x?
4
What is the hundreds digit of (1/((-20)/(-61608)))/((-3)/60*-6)?
2
Let p be 52/(-9) - (-2)/(-9). What is the hundreds digit of (-45)/p*1488/36?
3
Let l(z) = -6*z**2 - 11*z - 14. Let c be l(-7). Let q = 130 + c. Let f = q + 162. What is the tens digit of f?
6
Let l = 12247 - -9482. What is the tens digit of l?
2
Let z(p) = 5 + 2 - 2 + p + 3*p. Let u be z(-1). What is the units digit of (u - 1/(-4))/((-4)/(-192))?
0
Let y = -62 + 67. Suppose -2*r + 872 = 4*o, -3*r + y*o = o - 1358. What is the tens digit of r?
4
Suppose 51*n + 46*n - 539489 = -102*n. What is the hundreds digit of n?
7
Let h(y) = 18*y + 684. Let g be h(-38). Let v(d) = d**2 + 2*d + 62 + 125 - d**3 + 2*d**3. What is the tens digit of v(g)?
8
Suppose -3*g + 4*v = -10217, -5*v + 18359 = 5*g + 1319. What is the hundreds digit of g?
4
Let a = 6113 - 3652. Suppose -a = -18*v + 2453. What is the tens digit of v?
7
Let d(k) = k**2 - 5*k - 9. Let u be d(7). Suppose 0*w = 4*w + 2*t - 530, -667 = -u*w + 2*t. Suppose -w = -5*z + 52. What is the tens digit of z?
3
Suppose 3918 = 2*i - 4164. Suppose 8*m = 13*m, -3*a = -4*m - i. What is the tens digit of a?
4
Let n = -8307 + 12685. Suppose 57*p = 68*p - n. What is the units digit of p?
8
Suppose -27*d = -19*d. Suppose -4*o + 10*o - 60 = d. What is the tens digit of o?
1
Suppose 4*a + 19693 = x + 6*a, 3*a = 4*x - 78750. What is the tens digit of x?
8
Suppose -h + 8*h + 10444 = 0. What is the tens digit of (h/6)/((-34)/204)?
9
Suppose f - 457 - 2540 = -3*t, -5*t = -4*f + 11886. What is the units digit of f?
9
Let q = -4261 - -11704. What is the thousands digit of q?
7
Let p(s) be the third derivative of -s**5/20 + s**4/6 + 12*s**2. Let r be p(2). What is the units digit of 4*r/(1 - 3)?
8
Let k be -6 + 3 - -2 - (11 + 126). What is the tens digit of (3 - 7)*k/32*16?
7
Let o(f) = -f**2 + 6*f + 138. Let k be o(-9). Suppose 3*u + 3*r - 3899 = 2*r, 2*u - k*r = 2614. What is the thousands digit of u?
1
Suppose -2*o - 2*h = 2*h - 12, -2*h = 5*o - 14. Suppose -d - o*q + 268 = 3*q, 0 = 3*d - 4*q - 785. What is the tens digit of d?
6
Let g(z) = -5690*z - 310. What is the units digit of g(-2)?
0
Let m = 70540 - 36807. What is the tens digit of m?
3
Let u be 116892/30 - (-1 + 7/5). Suppose u = -4*g + 12*g. What is the hundreds digit of g?
4
Let y = -1956 - -9351. What is the units digit of y?
5
What is the hundreds digit of ((-128)/48)/(4/(-4902)) - -9?
2
Suppose 0 = 15*f - 35373 - 16752. Suppose -3041 = -9*u + f. What is the tens digit of u?
2
Let r(f) = 2*f**2 - 2*f + 34. Let h(d) = -2*d**3 - d**2 + 3. Let c be h(-2). Let n be (-9)/c*3*20/(-6). What is the units digit of r(n)?
4
Suppose 21*f - 19*f = 454. Let r = f + -193. What is the units digit of r?
4
Let o(l) = -6*l**2 + 7*l + 40. Let q be o(9). What is the tens digit of 0 - q - 10/5*-1?
8
Let r be 1*((1 - 1) + 3 + 24). Suppose 3*d - 55 = 14. Suppose d*h = r*h - 40. What is the units digit of h?
0
Let m be 15 - 2 - (-2 - -5). Let j = m + 59. Let a = -36 + j. What is the tens digit of a?
3
Let g = 17 - 31. Let w = g + 80. What is the units digit of w?
6
Let j be (60/(-42) - -4) + 6/14. What is the hundreds digit of (-119)/(2/((-4)/j*3))?
2
Let b(a) = 103*a**2 - 12*a - 96. What is the units digit of b(-10)?
4
Suppose 6 + 6 = 2*z. Suppose -z*a + 13*a - 1967 = 0. Suppose a - 101 = 6*d. What is the units digit of d?
0
What is the hundreds digit of ((9 - 16905)/(-11))/((-2)/(-6))?
6
Let w be 2165*(7 + 6/(-1)). Suppose 5*i = -2*l + w, -420 = -2*i + i - 3*l. What is the tens digit of i?
3
Let a = 596 + -52. Suppose -2*n = -2*r + n + a, 2*n = -5*r + 1379. What is the tens digit of r?
7
Let g(v) = 41*v + 114. Let m(t) = 163*t + 458. Let a(d) = -9*g(d) + 2*m(d). What is the tens digit of a(-18)?
6
Let m(w) = 1441*w - 1668. What is the units digit of m(8)?
0
Let s be 852/16*4 + (-1 - -2). Let o = s + -155. What is the units digit of o?
9
Let l be 6/(120/30265) + (-3)/(-4). Let s = l - 750. What is the tens digit of s?
6
Let p = -26220 - -51882. What is the hundreds digit of p?
6
Let c = 172 - 48. Let w = c + -314. Let p = w - -268. What is the tens digit of p?
7
Let h(b) = b**3 - 38*b**2 - 105*b + 2. What is the thousands digit of h(49)?
1
Let b(n) = -n**3 - 6*n**2 + 8*n - 9. Let i be b(-8). Let s be (45 - 1629)*2/2. What is the units digit of s/i*10/(-3)?
6
Let j(b) = 2*b. Let m(n) = -7*n**2 + 9*n - 26. Let v(q) = 6*j(q) - m(q). What is the hundreds digit of v(-8)?
4
Let v = -364 - -274. What is the units digit of (9 + (-123)/6)*v?
5
Let x(w) = -102*w - 1771. What is the hundreds digit of x(-113)?
7
Suppose -3*v - 13 = -2*a - 4, -4*a - 3*v + 9 = 0. Suppose 0 = -5*g + 3*p + 7299, -5*p + 5826 = 4*g - a*p. What is the hundreds digit of g?
4
Let z be (-1)/(-1) - (-19 - -15). Suppose -5*p - 4*h = -5165, z*p - 3*h + 0*h = 5165. Suppose 5*t - p = -378. What is the hundred